b) = 3*b**3 + 13*b**2 - 45*b - 14. What are the prime factors of c(11)?
13, 389
Let t = -254 - -256. Suppose -2*u - 346 = -x + t*u, 3*x - 998 = 2*u. List the prime factors of x.
2, 3, 5, 11
Let q = 556 + -536. Suppose 2184 = 28*i - q*i. What are the prime factors of i?
3, 7, 13
Let t be (5 - 6)*(0 - -1 - 29). Let i(p) = 2*p**2 + 30*p - t*p + 6 - p**2. What are the prime factors of i(-8)?
2, 3
Let b(y) = -77 - 16*y - 52*y**2 + 180*y**2 + 524*y**2 + 63. List the prime factors of b(-1).
2, 3, 109
Let p(c) = 3*c**3 - 5*c**2 + 8*c + 26. Let h be p(-4). Let o = 957 + h. List the prime factors of o.
7, 97
Let i(w) be the second derivative of 15*w**3 - 121*w**2/2 + 215*w - 1. What are the prime factors of i(13)?
1049
Let b = -1438 + 2406. Suppose -5*d + b = -3*l + 128, -4*l = -4*d + 664. What are the prime factors of d?
3, 19
Let b(s) = 2*s**2 + 6*s - 7. Let u be b(-5). Suppose -2*a = u*a - 10080. List the prime factors of a.
2, 3, 7
Suppose 17 = 11*i - 16. Let x be -271 - (2 + (-4 - i)). Let s = 508 + x. List the prime factors of s.
2, 11
Suppose 3*g + 5*w = -0*w, 0 = w. Suppose 275 = 5*i - 5*f, g = -i - 3*f - 35 + 110. List the prime factors of i.
2, 3, 5
Let f be 19/2 + (-2)/4 + -1. Suppose -f*g - 5*a = -11*g + 985, 5*a = 5. What are the prime factors of g?
2, 3, 5, 11
Let h = -94 - -130. List the prime factors of 635/2 + 18/h.
2, 3, 53
Suppose 3*h + 21*l - 16*l - 3471 = 0, h = -5*l + 1147. List the prime factors of h.
2, 7, 83
Let k = 74 + -70. Suppose -2*q - 3*f + 413 = -0*f, 0 = -3*q + k*f + 594. Let y = q - 116. List the prime factors of y.
2, 43
Let o be ((-2)/(-3))/(-8*(-1)/1212). Suppose 0 = 5*p + 10, v - 4*p - 510 = o. What are the prime factors of v?
3, 67
What are the prime factors of 53792 + (-47)/((-987)/546)?
2, 71, 379
Let o(w) = 16*w**2 - 5*w - 5. Let t be o(-2). Let i = 489 - t. Suppose 0 = -3*r - 63 + i. List the prime factors of r.
7, 17
Let z = -104 - -239. Suppose 5*g = -r + 221, -3*r + 2*g + 612 = -0*g. Suppose 11*n - r - z = 0. List the prime factors of n.
31
Let t = -433 - -1163. Suppose -3*p - 565 = -4*s, -3*s = 2*s + p - t. Suppose 4*k - s = k + 2*x, 4*k - 2*x - 194 = 0. List the prime factors of k.
7
Let p(a) = 81*a + 215. List the prime factors of p(16).
1511
Let s(f) = -38*f**3 + f**2 - f - 7. Let x be s(-3). Suppose 2*h - 5*b - 418 = -4*b, -b = 5*h - x. What are the prime factors of h?
3, 23
Let y(h) = 9 + 4 + 2 + 3 - 6 + 109*h. What are the prime factors of y(2)?
2, 5, 23
Let k = 2822 - -3141. List the prime factors of k.
67, 89
Suppose 9*k - k + 32 = 0. What are the prime factors of (6/k)/(9*3/(-10224))?
2, 71
Let d = -30 + 34. Suppose 2*w + 13 = 3*z + 57, -5*w + 4*z + 110 = 0. What are the prime factors of (d + (-28)/8)*w?
11
Let i = -20607 + 60015. What are the prime factors of i?
2, 3, 821
What are the prime factors of (1 + 0)*(1591 + 0/(-5 + -3))?
37, 43
Let c(q) = 1784*q - 3243. List the prime factors of c(10).
11, 1327
Suppose -29*u + 6643 + 1622 = 0. Suppose 1398*c + u = 1403*c. List the prime factors of c.
3, 19
Let q(o) = -o**3 + 2*o**2 - 3. Suppose 13*w = 5*w + 104. Suppose w*m + 8 = 11*m. List the prime factors of q(m).
3, 31
Let k = 10221 - 6711. What are the prime factors of k?
2, 3, 5, 13
Let a(f) = -268*f - 16. Let n be a(-3). Suppose 238*r - 236*r = n. List the prime factors of r.
2, 197
Suppose -5*m + 16271 = -9251 - 5658. List the prime factors of m.
2, 1559
Let u be (-8)/(-6) + 8/12 + 6. Suppose -3334 - 2466 = -u*r. Let q = r - 423. List the prime factors of q.
2, 151
Let p = 9883 + 15547. List the prime factors of p.
2, 5, 2543
Let n(b) = b**3 - 3*b**2 + b + 7. Let y be n(6). Let u = 415 - y. What are the prime factors of u?
2, 3, 7
Suppose 63 = k + 39. Suppose -26*z = -k*z - 466. Suppose 3*h = -5*s + 534 + z, 2*h = 3*s - 445. What are the prime factors of s?
151
Suppose x - 973 = -5*s - 0*x, 4*x = 3*s - 593. List the prime factors of s.
3, 5, 13
List the prime factors of 18101/3 + 44/(-66).
3, 2011
Let h(k) = -k**2 - 2*k + 25. Let d(z) = z**2 - 13*z + 15. Let c be d(11). Let f be h(c). Let b(x) = -x**3 - 12*x**2 - 20*x + 8. List the prime factors of b(f).
2
Suppose -4*q + 5*k + 1308 = 71, k = 4*q - 1217. List the prime factors of q.
3, 101
Let t(z) = 36*z**2 - 2*z + 7. Let q(f) = -74*f**2 + 5*f - 14. Let m(o) = 3*q(o) + 7*t(o). List the prime factors of m(3).
2, 5, 7
Let o(f) = 444*f**2 - 4*f + 64. What are the prime factors of o(6)?
2, 2003
Suppose 25*l + 30000 = 31*l. Suppose -3*m + 6*b = 3*b - 3000, -5*m - 2*b + l = 0. What are the prime factors of m?
2, 5
Suppose -84*x = -10*x - 157916. List the prime factors of x.
2, 11, 97
Suppose -5*v = 31 - 46. List the prime factors of 12/(-20)*(-1695)/v.
3, 113
Let d = 1993 + -10. What are the prime factors of d?
3, 661
Suppose -23 = 12*v + 217. Let y be (168/v - -3) + 8/20. Let z(u) = -59*u. List the prime factors of z(y).
5, 59
Let r(a) = a**2 + 5*a + 16. Suppose u = 4*u + 81. Let c = 20 + u. What are the prime factors of r(c)?
2, 3, 5
Suppose 35*r + 61*r - 16*r - 288320 = 0. List the prime factors of r.
2, 17, 53
Let k be (4/((-48)/9))/((-1)/16). Let f be 349 + 0 + -1 + 0. Suppose 6*h = k*h - f. List the prime factors of h.
2, 29
Let r(o) = -o**3 - 17*o**2 + 9*o + 98. Let b(s) = -s**2 - 1. Let d(a) = -4*b(a) - r(a). What are the prime factors of d(-20)?
2, 3
Suppose -98*p + 13734 = -84*p. Let d = p + -454. What are the prime factors of d?
17, 31
Let t(i) = -i + 9. Let d be t(6). Suppose 0 = -d*k + 12, -o + 2*k = 3*k - 192. Suppose 2*y - 204 = z, 3*y + z - 118 = o. What are the prime factors of y?
2, 3, 17
Suppose 2*r = -5*r - 3*r. Suppose x = r, 6*h - 4750 = h - 5*x. List the prime factors of h.
2, 5, 19
Let z = 11977 - 8455. List the prime factors of z/18 + -1*(-4)/12.
2, 7
Suppose 2*f = -5*d + 25706, 4*d - 28*f + 26*f - 20554 = 0. List the prime factors of d.
2, 5, 257
Suppose -2*b + 121214 = 4*w, -4*b - 12745 = -w + 17590. List the prime factors of w.
30307
Let z(d) = -d**3 + 8*d**2 + 13*d - 31. Let r be z(9). Suppose s = -3*w, -2*w = 2*s - r*w - 18. Suppose s*a - 568 = 68. What are the prime factors of a?
2, 53
Let s(o) = -339*o**2 + 2*o - 1. Let u be s(1). Let t = 234 - u. Suppose 4*h - 2*r = t, -2*h + 5*r - 83 + 353 = 0. What are the prime factors of h?
5, 29
Let y(t) = -t**2 + 4*t + 5. Let w be y(5). Let u be (-4)/38 - (-22 + 21)/(19/40). Suppose u*f + 4*r = 46, w*r = 5*r - 25. What are the prime factors of f?
13
Suppose 0*u - 3*w = 3*u - 15, 2*u - 2*w = 26. Suppose -2*n + u*n = 1610. List the prime factors of n.
2, 5, 23
Let i = -4539 - -13224. List the prime factors of i.
3, 5, 193
What are the prime factors of -233*36/12*-1?
3, 233
Let f be -114*((-44)/12 + 3). Let i = 102 + -146. Let w = i + f. List the prime factors of w.
2
Let l be (1/(-2))/(15/90). Let c(m) = -4*m - 95. Let y(i) = 5*i + 95. Let k(p) = l*y(p) - 4*c(p). What are the prime factors of k(0)?
5, 19
Let f(x) = x + 101. Let u be f(-9). Suppose 5*t = -y + 505, 2*y - u = -t - 0*t. What are the prime factors of t?
2, 3, 17
Suppose 3*h - 11 = n + 12, 3*n - 43 = -5*h. Suppose 0*y + h = -2*y, 739 = 5*w - y. Suppose f - 30 = w. List the prime factors of f.
3, 59
Let t = 33 + -54. Let b = -23 - t. What are the prime factors of -1 + (-1)/(b/136)?
67
Let a = 1023 + -998. List the prime factors of a.
5
Let m(p) = 2057*p**2 + 216*p + 3. What are the prime factors of m(-2)?
11, 709
Let w(b) = -b + 1. Let l(r) = 2*r - 1. Let g(n) = 3*l(n) + 2*w(n). What are the prime factors of g(23)?
7, 13
Let x(b) = -2*b**2 - 29*b - 41. Let j be x(-13). List the prime factors of 5*j/(80/(-172))*26.
13, 43
Let y(s) = -31*s + 298. Let c(r) = -5*r**2 + 37*r - 18. Let w be c(8). List the prime factors of y(w).
2, 5
Let a = -476 - -1349. Suppose -3*o + 810 = -a. List the prime factors of o.
3, 11, 17
Suppose -44*o + 24*o - 4594536 = -259*o. What are the prime factors of o?
2, 3, 89
Suppose 2*o = 3*b - 3*o + 111, 5*o + 225 = -5*b. List the prime factors of b/24*-20*3*7.
3, 5, 7
Let l = 360 - 358. Suppose -2950 = -5*o - l*a, 2*a + 12 = 2. What are the prime factors of o?
2, 37
Suppose -93 = -3*y + 3*b, -4*b - 159 = -5*y - b. List the prime factors of (-1012)/y*(-6 + -1 + 1).
2, 23
Suppose 4*f + 207 = 5*w + 27, -5*w + 220 = 4*f. Suppose 0 = -w*p + 41*p - 168. List the prime factors of p.
2, 3, 7
Let n = 235 - 